- y**2 + 5 + 6*y. Let f be n(6). Suppose 32 = f*r - 5*o, 5*r - o = -4*o + 8. What are the prime factors of r?
2
Suppose -z + 4*b - 6*b + 25 = 0, -b = -2*z + 40. List the prime factors of z.
3, 7
Let u(p) = -4*p**3 + 9*p**2 - 2*p + 3. Let l(b) = 3*b**3 - 8*b**2 + b - 3. Let r(x) = -5*l(x) - 4*u(x). List the prime factors of r(-3).
3
Let k(d) be the third derivative of d**5/30 + d**4/6 - d**3/3 - 3*d**2. Suppose 0*g + 2*g + 8 = 0. What are the prime factors of k(g)?
2, 7
Let o(b) = 1. Let c(m) = m + 2. Let q(u) = -c(u) + 4*o(u). List the prime factors of q(-2).
2
Suppose 263 = 4*m + 3*r - 192, -4*m + 449 = -3*r. List the prime factors of m.
113
Let g = 3 - 3. Let d be -1*(0 - (g - 0)). Suppose l = 3*f - 13, d = f - 2*l + 4*l + 5. What are the prime factors of f?
3
Suppose 0 = -2*g - 0*g + z + 7, 2*g + 5*z - 1 = 0. Suppose -g*r = -4*r + 4. What are the prime factors of r?
2
Suppose 275 = 5*x + 5*k, -x - 2*k = -3*k - 61. List the prime factors of x.
2, 29
Let m(q) = q**2 + 4*q - 15. What are the prime factors of m(12)?
3, 59
Let q = 19 + 3. Let h = 4 - q. List the prime factors of (-114)/h + 2/(-6).
2, 3
Let x(n) = -n**2 - 16*n - 7. What are the prime factors of x(-12)?
41
Let f = -23 - -29. Let q(t) = t**2 - 2*t - 2. List the prime factors of q(f).
2, 11
Suppose 0 = 5*h - m + 30, -5*m = -0*h - h + 18. Let j = 10 - h. List the prime factors of j.
17
Let q = -114 + 171. Suppose 3*y + 5*u = 83, -2*y + 4*y + 5*u - q = 0. What are the prime factors of y?
2, 13
Let f(z) be the second derivative of z**4/12 - z**3/3 - 3*z**2 + 3*z. List the prime factors of f(-4).
2, 3
Suppose 3*m - 46 = 158. What are the prime factors of m?
2, 17
Let q be 17/(-4) - (-7)/28. List the prime factors of q/14 + (-296)/(-56).
5
Let r(t) be the second derivative of -1/3*t**3 + 0 - 11/2*t**2 + 3*t. List the prime factors of r(-9).
7
Suppose 5*w + 23 - 88 = 0. List the prime factors of w.
13
Let c(l) = 2*l**3 + 7*l**2 - 5*l + 7. Let i(a) = a**3 + 4*a**2 - 2*a + 3. Let d(y) = 3*c(y) - 7*i(y). List the prime factors of d(-7).
7
Let s be (212/24)/(2/12). Let q = -26 + s. List the prime factors of q.
3
Suppose 0*v - v + 4*p = 16, -3*v = -2*p - 2. Let g(n) = -2 - 2*n + v*n + 3*n. What are the prime factors of g(2)?
2
Suppose 0*l - l = 0. Suppose l = 2*u - 28 - 4. What are the prime factors of u?
2
Suppose 8*q - 7*q - 51 = 0. Let f = q - 26. What are the prime factors of f?
5
Let s(q) = 5*q**3 - 1. Let p be s(1). Let j(i) = 3*i**3. Let k be j(2). Suppose p*w + 0*w - k = 0. List the prime factors of w.
2, 3
Let p = 34 - 15. Suppose 3*g - p = 17. What are the prime factors of g?
2, 3
Suppose 2*q - 10 = -2*b, -4*b + 17 = 3*q - 7. List the prime factors of b.
3
Suppose -5*g + 4 = -5*s + 44, 2*g + 4 = 0. Let t = 8 - s. What are the prime factors of t?
2
What are the prime factors of (-48)/12 + (0 - -25)?
3, 7
Let u(t) = t**3 - 7*t**2 + 4*t + 1. Let j = 22 + -15. List the prime factors of u(j).
29
Suppose i = 5*p - 12, -2 = -2*i - 3*p - 0*p. What are the prime factors of i*((-21)/6 - 2)?
11
Let q(m) = m**2 - 2*m - 2. Let p be q(-3). Let i = p - 3. What are the prime factors of i?
2, 5
Suppose 4*k - 7 - 29 = 0. Let f be 3/(k/6 + -1). Suppose f = 3*x - 30. List the prime factors of x.
2, 3
Let z(m) = -5*m**2 - 11*m + 10. Let t(y) = -9*y**2 - 21*y + 19. Let q(c) = -6*t(c) + 11*z(c). Let u be q(5). Let g = u + 10. List the prime factors of g.
2, 3
Let l(n) = -26*n**3 + 2*n**2 + n. What are the prime factors of l(-1)?
3
Let o = -1 - -1. Let c(q) be the first derivative of -q**2/2 + 2*q - 11. List the prime factors of c(o).
2
Let f(u) = -u**2 - 9*u + 4. What are the prime factors of f(-5)?
2, 3
Let a(h) = h + 4. Let s be a(-6). Let g = 6 - s. List the prime factors of g.
2
Suppose 21*w - 630 = 7*w. What are the prime factors of w?
3, 5
Let f(b) = 123*b + 2. What are the prime factors of f(1)?
5
Let m(x) = -x**2 - 8*x - 3. Let v be m(-3). Let l(g) = -g**2 + 13*g - 7. List the prime factors of l(v).
5
Suppose 87 - 492 = -5*q. What are the prime factors of q?
3
Suppose -h = h - 4*a - 116, -2*h + 109 = 3*a. List the prime factors of h.
2, 7
Let f = 321 - 170. What are the prime factors of f?
151
Let k(q) = q**3 + 7*q**2 - 12*q - 8. Let d be k(-8). Suppose 0 = g - 3*g - 4*z - d, 4*g + 37 = 3*z. List the prime factors of g*(2 + -3)/1.
2, 5
Let v = -3 - -114. List the prime factors of v.
3, 37
Let w = 9 + -6. Suppose 3*y - 124 = -5*r, -4*y = w*r - 6*r - 204. Suppose 4*f = -2*v + y, 2*f + 4 - 18 = 4*v. List the prime factors of f.
11
Let h = 107 - 43. Suppose m - 3 = -y + 5, -5*m + 3*y = -h. What are the prime factors of m?
11
Let i = -9 + 8. What are the prime factors of (-2 - i) + 104/2?
3, 17
Let q(o) = 5*o - 12. What are the prime factors of q(12)?
2, 3
Let r(f) be the second derivative of -f**5/20 + 7*f**4/12 + 2*f**3/3 + 3*f**2 + f. List the prime factors of r(7).
2, 17
Let c = 6 - 2. Suppose -2*a + c*a = 0. Let p(s) = s**3 - s**2 - s + 8. List the prime factors of p(a).
2
Let n(f) = 3*f**2 - 11. Let k(r) = 2*r**2 - 6. Let m(c) = 5*k(c) - 3*n(c). Let o be m(3). Suppose 2*p = 3*p - o. List the prime factors of p.
2, 3
Suppose 4*b + 7 = 139. List the prime factors of b.
3, 11
Let w = 354 + -124. List the prime factors of w.
2, 5, 23
Suppose 0 = 5*x + 2*t - 39, -3*x + 30 = -0*t - t. Let g = x - 6. What are the prime factors of g?
3
Let t = -19 + -11. Let f = -10 - t. List the prime factors of f.
2, 5
Let b = -17 - -37. List the prime factors of b.
2, 5
Suppose 3*g + 198 = 6*g. List the prime factors of g.
2, 3, 11
Let j(z) = z**3 - 8*z**2 + 14*z - 14. What are the prime factors of j(7)?
5, 7
Let t be (-47)/(-3) - 2/(-6). Let k = -8 + 8. Suppose 2*r - t + k = 0. List the prime factors of r.
2
Let z = -21 - -12. Let b = z + 19. List the prime factors of b + 0/((-6)/(-2)).
2, 5
Let u(g) be the third derivative of 0 - 1/24*g**4 - 5/6*g**3 + 1/60*g**5 + 2*g**2 + 0*g. What are the prime factors of u(4)?
7
Let q be 708/(-18) + (-4)/6. Let t = -22 - q. What are the prime factors of t?
2, 3
Let p(n) = -n**3 - 3*n**2 - n - 3. Let k be p(-3). Suppose k = -4*o + 26 + 6. What are the prime factors of o?
2
Let h = -2 - -20. What are the prime factors of h?
2, 3
Suppose -4*a = 0, 2*u = -3*u + 5*a + 20. Let c(l) be the second derivative of l**5/20 - l**4/6 - 5*l**3/6 - l**2 - 5*l. List the prime factors of c(u).
2, 5
Let r = -8 + 12. Suppose -r*l = -8*l + 48. What are the prime factors of l?
2, 3
Let d = -21 - -13. Let l = d + 13. Suppose 0 = -g - 2*j + 4, 95 = 5*g - l*j + 15. List the prime factors of g.
2, 3
Suppose -3*h = 3*i + 24, 0*h + 3*h = i - 4. What are the prime factors of (-4)/(i + 3) - -9?
11
Let v(r) = 2*r**2 + 4*r + 3. Let h be v(-5). Suppose -4*x - 2*s + 10 + 16 = 0, 2*x + 5*s = h. What are the prime factors of x?
2
Suppose -2*m + 2*i + 3 + 3 = 0, 4*i + 16 = 2*m. Let c = m - 0. List the prime factors of c/12*-8*9.
2, 3
Let y(t) be the first derivative of -2*t**3/3 - 4*t**2 - 2*t - 3. Let c(n) be the first derivative of y(n). What are the prime factors of c(-6)?
2
Let g = -2 - -9. Let d = 11 + g. What are the prime factors of d?
2, 3
Suppose 0*x - 2*x + 2 = 0. Let a be (-53)/(-4) - x/4. Suppose -a - 3 = -2*r. List the prime factors of r.
2
Let j = 25 + -21. Let s be (-104)/(-10) - 2/5. Let d = s - j. List the prime factors of d.
2, 3
Let i = 99 - 73. List the prime factors of i.
2, 13
Let q(v) = -5*v + 14. Let z be q(6). Let d = 10 - 33. Let m = z - d. What are the prime factors of m?
7
Suppose -2*z + 5*z - 3 = 0. Let m be (-1)/(-2)*z*0. Suppose -2*y + 26 - 2 = m. What are the prime factors of y?
2, 3
Let o = 73 + -24. What are the prime factors of o?
7
Let k = -11 + 12. What are the prime factors of (-1*5)/(k/(-4))?
2, 5
Suppose 5*p - 4*g - 12 = 0, -2*p - 6 = 4*g + 6. Suppose p*b - 5 = -b. Suppose -v - 35 = -b*s, 2*s + s - 49 = -5*v. What are the prime factors of s?
2
Let t be -1 - (-21)/(0 + 3). Let h(r) = r**3 - 6*r**2 - r + 2. Let m be h(t). Let w(o) = -o + 4. What are the prime factors of w(m)?
2
Suppose -2*v + 14 = -0*v. Let n = 13 + v. What are the prime factors of (8/10)/(8/n)?
2
Suppose 1 = -5*n + 16. Suppose -3*f + n + 3 = 0. List the prime factors of f.
2
Let j be -1*((-10)/1)/(-1). Let c be 48/20 - (-4)/j. List the prime factors of (-54)/(-3)*c/4.
3
Let n(w) be the third derivative of -